{"id":9,"date":"2021-12-17T13:02:42","date_gmt":"2021-12-17T13:02:42","guid":{"rendered":"https:\/\/www.meykurr.com\/?page_id=9"},"modified":"2024-01-10T19:17:42","modified_gmt":"2024-01-10T19:17:42","slug":"hakkimizda","status":"publish","type":"page","link":"https:\/\/www.meykurr.com\/?page_id=9","title":{"rendered":"Hakk\u0131m\u0131zda"},"content":{"rendered":"<p>[et_pb_section fb_built=&#8221;1&#8243; admin_label=&#8221;Header&#8221; _builder_version=&#8221;4.20.0&#8243; _module_preset=&#8221;default&#8221; background_color=&#8221;gcid-af6245ea-df40-48a8-9687-67293107dc0c&#8221; background_image=&#8221;https:\/\/www.meykurr.com\/wp-content\/uploads\/2024\/01\/cargo-transport-04.png&#8221; background_position=&#8221;top_center&#8221; locked=&#8221;off&#8221; collapsed=&#8221;on&#8221; global_colors_info=&#8221;{%22gcid-af6245ea-df40-48a8-9687-67293107dc0c%22:%91%22background_color%22%93}&#8221;][et_pb_row _builder_version=&#8221;4.20.0&#8243; _module_preset=&#8221;default&#8221; locked=&#8221;off&#8221; global_colors_info=&#8221;{}&#8221;][et_pb_column type=&#8221;4_4&#8243; _builder_version=&#8221;4.20.0&#8243; _module_preset=&#8221;default&#8221; global_colors_info=&#8221;{}&#8221;][et_pb_text _builder_version=&#8221;4.20.0&#8243; _module_preset=&#8221;6fdc087f-b8f3-4aff-8940-a1f90747f190&#8243; header_text_color=&#8221;#FFFFFF&#8221; text_orientation=&#8221;center&#8221; custom_margin=&#8221;||10px||false|false&#8221; locked=&#8221;off&#8221; global_colors_info=&#8221;{}&#8221;]<\/p>\n<h1><span style=\"font-size: xx-large; color: #e09900;\">Hakk\u0131m\u0131zda<\/span><\/h1>\n<p>[\/et_pb_text][et_pb_text _builder_version=&#8221;4.20.0&#8243; _module_preset=&#8221;e7fbb746-5af2-4d33-b21d-60e434cc4793&#8243; text_text_color=&#8221;rgba(255,255,255,0.7)&#8221; text_orientation=&#8221;center&#8221; max_width=&#8221;600px&#8221; module_alignment=&#8221;center&#8221; locked=&#8221;off&#8221; global_colors_info=&#8221;{}&#8221;]<\/p>\n<p><span>1965 y\u0131l\u0131nda \u0130stanbul\u2019 un Avrupa yakas\u0131nda ticari hayat\u0131na ba\u015flayan firmam\u0131z, 1999 y\u0131l\u0131nda Tuzla Orhanl\u0131\u2019daki tesislerini devreye alarak Anadolu yakas\u0131nda da faaliyet g\u00f6stermeye ba\u015flam\u0131\u015ft\u0131r. \u00a0Deneyim ve bilgi birikimini \u00fcretici ve ithalat\u00e7\u0131 firmalara daha etkili sunmak i\u00e7in teknoloji alt yap\u0131s\u0131n\u0131 g\u00fc\u00e7lendirerek 2008 y\u0131l\u0131nda yeniden yap\u0131lanarak sekt\u00f6rde ilkler aras\u0131ndaki yerini korumay\u0131 ba\u015fard\u0131.<\/span><\/p>\n<p>[\/et_pb_text][\/et_pb_column][\/et_pb_row][\/et_pb_section][et_pb_section fb_built=&#8221;1&#8243; admin_label=&#8221;Featured Service&#8221; _builder_version=&#8221;4.20.0&#8243; _module_preset=&#8221;default&#8221; background_color=&#8221;gcid-af6245ea-df40-48a8-9687-67293107dc0c&#8221; locked=&#8221;off&#8221; collapsed=&#8221;on&#8221; global_colors_info=&#8221;{%22gcid-af6245ea-df40-48a8-9687-67293107dc0c%22:%91%22background_color%22%93}&#8221;][et_pb_row column_structure=&#8221;1_2,1_2&#8243; _builder_version=&#8221;4.20.0&#8243; _module_preset=&#8221;default&#8221; global_colors_info=&#8221;{}&#8221;][et_pb_column type=&#8221;1_2&#8243; _builder_version=&#8221;4.20.0&#8243; _module_preset=&#8221;default&#8221; global_colors_info=&#8221;{}&#8221;][et_pb_image src=&#8221;https:\/\/www.meykurr.com\/wp-content\/uploads\/2024\/01\/ruchindra-gunasekara-GK8x_XCcDZg-unsplash-scaled.jpg&#8221; title_text=&#8221;ruchindra-gunasekara-GK8x_XCcDZg-unsplash&#8221; _builder_version=&#8221;4.23.1&#8243; _module_preset=&#8221;default&#8221; transform_translate=&#8221;30%|0px&#8221; transform_translate_linked=&#8221;off&#8221; width=&#8221;61.5%&#8221; custom_margin=&#8221;|107px||-37px||&#8221; custom_padding=&#8221;0px|19px||||&#8221; border_radii=&#8221;on|10px|10px|10px|10px&#8221; global_colors_info=&#8221;{}&#8221;][\/et_pb_image][\/et_pb_column][et_pb_column type=&#8221;1_2&#8243; _builder_version=&#8221;4.20.0&#8243; _module_preset=&#8221;default&#8221; global_colors_info=&#8221;{}&#8221;][et_pb_text _builder_version=&#8221;4.23.1&#8243; _module_preset=&#8221;2b7ea637-614b-4f18-a529-5517d52bc2e1&#8243; header_4_text_color=&#8221;gcid-8cdb4e16-0e89-4c38-b30b-9fe41127e3f5&#8243; global_colors_info=&#8221;{%22gcid-8cdb4e16-0e89-4c38-b30b-9fe41127e3f5%22:%91%22header_4_text_color%22%93}&#8221;]<\/p>\n<h4><span style=\"font-size: x-large;\">fAAL\u0130YETLER\u0130M\u0130Z<\/span><\/h4>\n<p>[\/et_pb_text][et_pb_text _builder_version=&#8221;4.20.0&#8243; _module_preset=&#8221;10c28e82-31f9-499d-ae02-51ef14e9f98d&#8221; header_2_text_color=&#8221;#FFFFFF&#8221; global_colors_info=&#8221;{}&#8221;][\/et_pb_text][et_pb_text _builder_version=&#8221;4.20.0&#8243; _module_preset=&#8221;93dc7456-a2b3-4cb8-8f90-6202b747bb59&#8243; text_text_color=&#8221;rgba(255,255,255,0.7)&#8221; global_colors_info=&#8221;{}&#8221;]<\/p>\n<p><span>12.000 m2 \u00fczerine kurulu tesislerinde, konusunda uzman kadrosu ve modern ekipmanlar\u0131 ile depolama hizmetleri sunan MEYKURR, kaliteli hizmet felsefesiyle g\u00fcvenilir, ekonomik ve m\u00fc\u015fteri odakl\u0131 \u00e7\u00f6z\u00fcmleriyle bir\u00e7ok sekt\u00f6rde \u00e7al\u0131\u015fmalar\u0131yla ortak tercih olmaktad\u0131r.<\/span><\/p>\n<p>[\/et_pb_text][\/et_pb_column][\/et_pb_row][\/et_pb_section]<\/p>\n","protected":false},"excerpt":{"rendered":"<p>Hakk\u0131m\u0131zda1965 y\u0131l\u0131nda \u0130stanbul\u2019 un Avrupa yakas\u0131nda ticari hayat\u0131na ba\u015flayan firmam\u0131z, 1999 y\u0131l\u0131nda Tuzla Orhanl\u0131\u2019daki tesislerini devreye alarak Anadolu yakas\u0131nda da faaliyet g\u00f6stermeye ba\u015flam\u0131\u015ft\u0131r. \u00a0Deneyim ve bilgi birikimini \u00fcretici ve ithalat\u00e7\u0131 firmalara daha etkili sunmak i\u00e7in teknoloji alt yap\u0131s\u0131n\u0131 g\u00fc\u00e7lendirerek 2008 y\u0131l\u0131nda yeniden yap\u0131lanarak sekt\u00f6rde ilkler aras\u0131ndaki yerini korumay\u0131 ba\u015fard\u0131.fAAL\u0130YETLER\u0130M\u0130Z12.000 m2 \u00fczerine kurulu tesislerinde, konusunda uzman [&hellip;]<\/p>\n","protected":false},"author":1,"featured_media":0,"parent":0,"menu_order":0,"comment_status":"closed","ping_status":"closed","template":"","meta":{"_et_pb_use_builder":"on","_et_pb_old_content":"","_et_gb_content_width":"","footnotes":""},"class_list":["post-9","page","type-page","status-publish","hentry"],"_links":{"self":[{"href":"https:\/\/www.meykurr.com\/index.php?rest_route=\/wp\/v2\/pages\/9","targetHints":{"allow":["GET"]}}],"collection":[{"href":"https:\/\/www.meykurr.com\/index.php?rest_route=\/wp\/v2\/pages"}],"about":[{"href":"https:\/\/www.meykurr.com\/index.php?rest_route=\/wp\/v2\/types\/page"}],"author":[{"embeddable":true,"href":"https:\/\/www.meykurr.com\/index.php?rest_route=\/wp\/v2\/users\/1"}],"replies":[{"embeddable":true,"href":"https:\/\/www.meykurr.com\/index.php?rest_route=%2Fwp%2Fv2%2Fcomments&post=9"}],"version-history":[{"count":5,"href":"https:\/\/www.meykurr.com\/index.php?rest_route=\/wp\/v2\/pages\/9\/revisions"}],"predecessor-version":[{"id":211,"href":"https:\/\/www.meykurr.com\/index.php?rest_route=\/wp\/v2\/pages\/9\/revisions\/211"}],"wp:attachment":[{"href":"https:\/\/www.meykurr.com\/index.php?rest_route=%2Fwp%2Fv2%2Fmedia&parent=9"}],"curies":[{"name":"wp","href":"https:\/\/api.w.org\/{rel}","templated":true}]}}