{"id":13,"date":"2021-12-17T13:08:18","date_gmt":"2021-12-17T13:08:18","guid":{"rendered":"https:\/\/www.meykurr.com\/?page_id=13"},"modified":"2024-01-11T17:11:57","modified_gmt":"2024-01-11T17:11:57","slug":"hizmetlerimiz","status":"publish","type":"page","link":"https:\/\/www.meykurr.com\/?page_id=13","title":{"rendered":"Hizmetlerimiz"},"content":{"rendered":"<p>[et_pb_section fb_built=&#8221;1&#8243; admin_label=&#8221;Header&#8221; _builder_version=&#8221;4.20.0&#8243; _module_preset=&#8221;default&#8221; background_color=&#8221;gcid-af6245ea-df40-48a8-9687-67293107dc0c&#8221; background_image=&#8221;https:\/\/www.meykurr.com\/wp-content\/uploads\/2024\/01\/cargo-transport-04.png&#8221; background_position=&#8221;top_center&#8221; locked=&#8221;off&#8221; collapsed=&#8221;on&#8221; global_colors_info=&#8221;{%22gcid-af6245ea-df40-48a8-9687-67293107dc0c%22:%91%22background_color%22%93}&#8221;][et_pb_row column_structure=&#8221;1_2,1_2&#8243; _builder_version=&#8221;4.20.0&#8243; _module_preset=&#8221;default&#8221; locked=&#8221;off&#8221; global_colors_info=&#8221;{}&#8221;][et_pb_column type=&#8221;1_2&#8243; _builder_version=&#8221;4.23.1&#8243; _module_preset=&#8221;default&#8221; global_colors_info=&#8221;{}&#8221;][et_pb_gallery gallery_ids=&#8221;197&#8243; posts_number=&#8221;1&#8243; _builder_version=&#8221;4.23.1&#8243; _module_preset=&#8221;default&#8221; width=&#8221;186.3%&#8221; custom_margin=&#8221;|-358px|90px|||&#8221; custom_padding=&#8221;95px|||20px||&#8221; global_colors_info=&#8221;{}&#8221;][\/et_pb_gallery][\/et_pb_column][et_pb_column type=&#8221;1_2&#8243; _builder_version=&#8221;4.20.0&#8243; _module_preset=&#8221;default&#8221; global_colors_info=&#8221;{}&#8221;][et_pb_text _builder_version=&#8221;4.20.0&#8243; _module_preset=&#8221;c9673ff9-6887-414b-826e-1b522e9c3e5d&#8221; header_2_text_color=&#8221;#FFFFFF&#8221; global_colors_info=&#8221;{}&#8221; custom_padding=&#8221;||15px|||&#8221;]<\/p>\n<h2><span style=\"color: #e09900; font-size: xx-large;\">Depolama Faaliyetlerimiz<\/span><\/h2>\n<p>[\/et_pb_text][et_pb_text _builder_version=&#8221;4.20.0&#8243; _module_preset=&#8221;fa42777c-72a4-4f1f-b5fe-7ee1b1a91b7c&#8221; text_text_color=&#8221;rgba(255,255,255,0.7)&#8221; text_orientation=&#8221;center&#8221; max_width=&#8221;600px&#8221; module_alignment=&#8221;center&#8221; custom_padding=&#8221;0px|||||&#8221; locked=&#8221;off&#8221; global_colors_info=&#8221;{}&#8221;]<\/p>\n<p style=\"text-align: left;\"><span>Depolama esas olarak kontrol, teslim alma, yerle\u015ftirme, say\u0131m, toplama, kontrol ve g\u00f6nderme faaliyetlerini kapsar. Depo, katma de\u011fer \u00fcretilen bir merkezdir. Sevk zamanlar\u0131n\u0131n k\u0131salt\u0131lmas\u0131 ve m\u00fc\u015fteri sipari\u015f s\u00fcrelerinin azalt\u0131lmas\u0131nda y\u00fcksek katk\u0131 sa\u011flar. Bu sebeple depo, profesyonel bir bak\u0131\u015f a\u00e7\u0131s\u0131 ve sistemli \u00e7al\u0131\u015fmay\u0131 gerektirir. Depo, \u00fcr\u00fcnlerin hammadde a\u015famas\u0131ndan \u00fcretim ortam\u0131na, oradan da t\u00fcketim merkezlerine ve da\u011f\u0131t\u0131m\u0131na kadar olan b\u00fct\u00fcn bir faaliyetler dizisinin ger\u00e7ekle\u015ftirilmesinde stratejik rol oynayan ara noktalard\u0131r.<\/span><\/p>\n<p>[\/et_pb_text][\/et_pb_column][\/et_pb_row][\/et_pb_section][et_pb_section fb_built=&#8221;1&#8243; admin_label=&#8221;Featured Service&#8221; _builder_version=&#8221;4.20.0&#8243; _module_preset=&#8221;default&#8221; background_color=&#8221;gcid-af6245ea-df40-48a8-9687-67293107dc0c&#8221; locked=&#8221;off&#8221; collapsed=&#8221;on&#8221; global_colors_info=&#8221;{%22gcid-af6245ea-df40-48a8-9687-67293107dc0c%22:%91%22background_color%22%93}&#8221;][et_pb_row column_structure=&#8221;1_2,1_2&#8243; _builder_version=&#8221;4.20.0&#8243; _module_preset=&#8221;default&#8221; global_colors_info=&#8221;{}&#8221;][et_pb_column type=&#8221;1_2&#8243; _builder_version=&#8221;4.20.0&#8243; _module_preset=&#8221;default&#8221; global_colors_info=&#8221;{}&#8221;][\/et_pb_column][et_pb_column type=&#8221;1_2&#8243; _builder_version=&#8221;4.20.0&#8243; _module_preset=&#8221;default&#8221; global_colors_info=&#8221;{}&#8221;][et_pb_text _builder_version=&#8221;4.20.0&#8243; _module_preset=&#8221;c9673ff9-6887-414b-826e-1b522e9c3e5d&#8221; header_2_text_color=&#8221;#FFFFFF&#8221; global_colors_info=&#8221;{}&#8221; width=&#8221;100%&#8221; custom_padding=&#8221;|0px||||&#8221; custom_margin=&#8221;|||-563px||&#8221;]<\/p>\n<h2><span style=\"color: #e09900;\">Karayolu Ta\u015f\u0131mac\u0131l\u0131\u011f\u0131<\/span><\/h2>\n<p>[\/et_pb_text][et_pb_text _builder_version=&#8221;4.20.0&#8243; _module_preset=&#8221;2824c26c-4e8b-429c-85d9-41a4940f1fd4&#8243; text_text_color=&#8221;rgba(255,255,255,0.7)&#8221; custom_padding=&#8221;||21px|||&#8221; global_colors_info=&#8221;{}&#8221; custom_margin=&#8221;|||-568px||&#8221;]<\/p>\n<p><span>G\u00fcnde ger\u00e7ekle\u015ftirdi\u011fimiz 100 sefer, y\u0131lda 300 bin TON ta\u015f\u0131ma ile bu alanda T\u00fcrkiye\u2019nin \u00f6nde gelen lojistik \u015firketlerinden biriyiz. Tecr\u00fcbemiz, tedarik\u00e7i a\u011f\u0131m\u0131z, yayg\u0131n ve esnek kullan\u0131ma uygun ara\u00e7 park\u0131m\u0131z, T\u00fcrkiye geneline yay\u0131lm\u0131\u015f ofislerimiz, spot piyasada gidi\u015f-d\u00f6n\u00fc\u015f ayn\u0131 ara\u00e7lar ile organizasyonumuz neticesinde kazan\u0131lm\u0131\u015f tecr\u00fcbe ile hasars\u0131z, eksiksiz zaman\u0131nda teslimat sa\u011fl\u0131yoruz.<\/span><\/p>\n<p>[\/et_pb_text][\/et_pb_column][\/et_pb_row][\/et_pb_section]<\/p>\n","protected":false},"excerpt":{"rendered":"<p>Depolama FaaliyetlerimizDepolama esas olarak kontrol, teslim alma, yerle\u015ftirme, say\u0131m, toplama, kontrol ve g\u00f6nderme faaliyetlerini kapsar. Depo, katma de\u011fer \u00fcretilen bir merkezdir. Sevk zamanlar\u0131n\u0131n k\u0131salt\u0131lmas\u0131 ve m\u00fc\u015fteri sipari\u015f s\u00fcrelerinin azalt\u0131lmas\u0131nda y\u00fcksek katk\u0131 sa\u011flar. Bu sebeple depo, profesyonel bir bak\u0131\u015f a\u00e7\u0131s\u0131 ve sistemli \u00e7al\u0131\u015fmay\u0131 gerektirir. Depo, \u00fcr\u00fcnlerin hammadde a\u015famas\u0131ndan \u00fcretim ortam\u0131na, oradan da t\u00fcketim merkezlerine ve da\u011f\u0131t\u0131m\u0131na [&hellip;]<\/p>\n","protected":false},"author":1,"featured_media":0,"parent":0,"menu_order":0,"comment_status":"closed","ping_status":"closed","template":"","meta":{"_et_pb_use_builder":"on","_et_pb_old_content":"","_et_gb_content_width":"","footnotes":""},"class_list":["post-13","page","type-page","status-publish","hentry"],"_links":{"self":[{"href":"https:\/\/www.meykurr.com\/index.php?rest_route=\/wp\/v2\/pages\/13","targetHints":{"allow":["GET"]}}],"collection":[{"href":"https:\/\/www.meykurr.com\/index.php?rest_route=\/wp\/v2\/pages"}],"about":[{"href":"https:\/\/www.meykurr.com\/index.php?rest_route=\/wp\/v2\/types\/page"}],"author":[{"embeddable":true,"href":"https:\/\/www.meykurr.com\/index.php?rest_route=\/wp\/v2\/users\/1"}],"replies":[{"embeddable":true,"href":"https:\/\/www.meykurr.com\/index.php?rest_route=%2Fwp%2Fv2%2Fcomments&post=13"}],"version-history":[{"count":5,"href":"https:\/\/www.meykurr.com\/index.php?rest_route=\/wp\/v2\/pages\/13\/revisions"}],"predecessor-version":[{"id":216,"href":"https:\/\/www.meykurr.com\/index.php?rest_route=\/wp\/v2\/pages\/13\/revisions\/216"}],"wp:attachment":[{"href":"https:\/\/www.meykurr.com\/index.php?rest_route=%2Fwp%2Fv2%2Fmedia&parent=13"}],"curies":[{"name":"wp","href":"https:\/\/api.w.org\/{rel}","templated":true}]}}